{"id":2491,"date":"2025-03-29T15:30:44","date_gmt":"2025-03-29T15:30:44","guid":{"rendered":"http:\/\/attac-bildung-erziehung.de\/?page_id=2491"},"modified":"2025-11-08T14:31:41","modified_gmt":"2025-11-08T14:31:41","slug":"arbeitskreis-bildung-erziehung-von-attac-koeln-akbe","status":"publish","type":"page","link":"http:\/\/attac-bildung-erziehung.de\/","title":{"rendered":"Arbeitskreis Bildung &#038; Erziehung von attac K\u00f6ln (AK:BE)"},"content":{"rendered":"\n<p>Liebe MitstreiterInnen,&nbsp; WegbegleiterInnen und Freunde des AK:BE,<\/p>\n\n\n\n<p>in einem l\u00e4ngeren Prozess haben wir uns im Arbeitskreis \u201eBildung und Erziehung\u201c (AK:BE) entschieden, den Status als attac AK zu Ende November 2025 aufzugeben und treffen uns nun ohne organisatorische Bindung als Offener Politischer Treff jeden 2. Mitttwoch im Monat im Lokal der Alten Feuerwache K\u00f6ln (Melchiorstra\u00dfe) um 20 h.<\/p>\n\n\n\n<p><strong>N\u00e4heres, warum &#8211; und wie es weitergeht<\/strong> haben wir <strong><a href=\"http:\/\/attac-bildung-erziehung.de\/wp-content\/uploads\/2025\/11\/Erkla\u0308rung-des-AK-BE.pdf\">nachstehend<\/a> <\/strong>erl\u00e4utert.<\/p>\n\n\n\n<p>Diese Homepage mit allen in 17 Jahren entstandenen Texten und Dokumentationen steht noch bis zum 31. M\u00e4rz 2026 zur Verf\u00fcgung. F\u00fcr R\u00fcckfragen bis zu diesem Termin gibt Monika Domke Auskunft: <a href=\"mailto:monika_domke@yahoo.de\">monika_domke@yahoo.de<\/a><\/p>\n\n\n\n<p>Mit solidarischen Gr\u00fc\u00dfen f\u00fcr den \u2013 nun ehemaligen \u2013 AK:BE<\/p>\n\n\n\n<p>Dr. J\u00fcrgen M\u00fcnch&nbsp; &#8211;&nbsp; jmuenchkoeln@t-online.de<\/p>\n\n\n\n<p>Oswald Pannes &nbsp;&nbsp;&nbsp;&nbsp;&nbsp;&nbsp;&#8211;&nbsp; oswaldpannes@gmx.de<\/p>\n\n\n\n<div class=\"wp-block-columns\">\n<div class=\"wp-block-column\" style=\"flex-basis:100%\">\n<div class=\"wp-block-group\"><div class=\"wp-block-group__inner-container\">\n<div class=\"wp-block-columns\">\n<div class=\"wp-block-column\">\n<figure class=\"wp-block-gallery columns-3 is-cropped\"><ul class=\"blocks-gallery-grid\"><li class=\"blocks-gallery-item\"><figure><a href=\"http:\/\/attac-bildung-erziehung.de\/?page_id=2509\"><img src=\"http:\/\/attac-bildung-erziehung.de\/wp-content\/uploads\/2025\/03\/AKBE.png\" alt=\"\" data-id=\"2497\" data-full-url=\"http:\/\/attac-bildung-erziehung.de\/wp-content\/uploads\/2025\/03\/AKBE.png\" data-link=\"http:\/\/attac-bildung-erziehung.de\/?attachment_id=2497\" class=\"wp-image-2497\"><\/a><\/figure><\/li>\n\n<li class=\"blocks-gallery-item\"><figure><a href=\"http:\/\/attac-bildung-erziehung.de\/?page_id=2524\"><img src=\"http:\/\/attac-bildung-erziehung.de\/wp-content\/uploads\/2025\/03\/termine.png\" alt=\"\" data-id=\"2499\" data-full-url=\"http:\/\/attac-bildung-erziehung.de\/wp-content\/uploads\/2025\/03\/termine.png\" data-link=\"http:\/\/attac-bildung-erziehung.de\/?attachment_id=2499\" class=\"wp-image-2499\"><\/a><\/figure><\/li>\n\n<li class=\"blocks-gallery-item\"><figure><a href=\"http:\/\/attac-bildung-erziehung.de\/?page_id=1939\"><img src=\"http:\/\/attac-bildung-erziehung.de\/wp-content\/uploads\/2025\/03\/lehrmaterialien.png\" alt=\"\" data-id=\"2500\" data-full-url=\"http:\/\/attac-bildung-erziehung.de\/wp-content\/uploads\/2025\/03\/lehrmaterialien.png\" data-link=\"http:\/\/attac-bildung-erziehung.de\/?attachment_id=2500\" class=\"wp-image-2500\"><\/a><\/figure><\/li><\/ul><\/figure>\n\n\n\n<figure class=\"wp-block-gallery columns-3 is-cropped\"><ul class=\"blocks-gallery-grid\"><li class=\"blocks-gallery-item\"><figure><a href=\"http:\/\/attac-bildung-erziehung.de\/?page_id=2609\"><img src=\"http:\/\/attac-bildung-erziehung.de\/wp-content\/uploads\/2025\/03\/bildung.png\" alt=\"\" data-id=\"2497\" data-full-url=\"http:\/\/attac-bildung-erziehung.de\/wp-content\/uploads\/2025\/03\/bildung.png\" data-link=\"http:\/\/attac-bildung-erziehung.de\/?attachment_id=2497\" class=\"wp-image-2497\"><\/a><\/figure><\/li>\n\n<li class=\"blocks-gallery-item\"><figure><a href=\"http:\/\/attac-bildung-erziehung.de\/?page_id=2530\"><img src=\"http:\/\/attac-bildung-erziehung.de\/wp-content\/uploads\/2025\/03\/arbeitsthemen.png\" alt=\"\" data-id=\"2500\" data-full-url=\"http:\/\/attac-bildung-erziehung.de\/wp-content\/uploads\/2025\/03\/arbeitsthemen.png\" data-link=\"http:\/\/attac-bildung-erziehung.de\/?attachment_id=2500\" class=\"wp-image-2500\"><\/a><\/figure><\/li>\n\n<li class=\"blocks-gallery-item\"><figure><a href=\"http:\/\/attac-bildung-erziehung.de\/?page_id=17\"><img src=\"http:\/\/attac-bildung-erziehung.de\/wp-content\/uploads\/2025\/03\/rundbriefe.png\" alt=\"\" data-id=\"2499\" data-full-url=\"http:\/\/attac-bildung-erziehung.de\/wp-content\/uploads\/2025\/03\/rundbriefe.png\" data-link=\"http:\/\/attac-bildung-erziehung.de\/?attachment_id=2499\" class=\"wp-image-2499\"><\/a><\/figure><\/li>\n<\/ul><\/figure>\n\n\n\n<h2>PUI \u2013 Joachim Schmidt von Schwind \u2013 ist gestorben.<br>Wir m\u00f6chten an ihn erinnern!<\/h2>\n\n\n\n<div class=\"wp-block-image size-medium\"><figure class=\"aligncenter size-large is-resized\"><a href=\"http:\/\/attac-bildung-erziehung.de\/wp-content\/uploads\/2025\/03\/PUI.jpg\"><img loading=\"lazy\" src=\"http:\/\/attac-bildung-erziehung.de\/wp-content\/uploads\/2025\/03\/PUI.jpg\" alt=\"\" class=\"wp-image-2481\" width=\"359\" height=\"291\" srcset=\"http:\/\/attac-bildung-erziehung.de\/wp-content\/uploads\/2025\/03\/PUI.jpg 831w, http:\/\/attac-bildung-erziehung.de\/wp-content\/uploads\/2025\/03\/PUI-300x244.jpg 300w, http:\/\/attac-bildung-erziehung.de\/wp-content\/uploads\/2025\/03\/PUI-768x624.jpg 768w\" sizes=\"(max-width: 359px) 100vw, 359px\" \/><\/a><\/figure><\/div>\n\n\n\n<p><a href=\"http:\/\/attac-bildung-erziehung.de\/wp-content\/uploads\/2025\/03\/1PUI.pdf\">Nachruf auf PUI<\/a><\/p>\n\n\n\n<p><strong>Von den anteilnehmenden Mails, die uns auf diesen Nachruf hin erreicht haben, m\u00f6chten wir eine Mail &#8211; vom AK Zivilklausel an der Universit\u00e4t zu K\u00f6ln &#8211; hier dokumentieren. Wir denken, dass dies im Sinne von Pui ist, war er doch als Mitstreiter f\u00fcr die Zivilklausel und als Journalist und Verleger in der medialen \u00d6ffentlichkeit mit unterwegs.<\/strong><\/p>\n\n\n\n<p>\u201e&#8230; der Pui&#8230;das war wirklich ein au\u00dfergew\u00f6hnlich freundlicher Mensch. Das wird uns allen glaube ich sehr ausgepr\u00e4gt in Erinnerung bleiben&#8230;<\/p>\n\n\n\n<p>In seinem Sinne, mit vielen Gr\u00fc\u00dfen an die MitstreiterInnen des AK Bildung von Attac, eine sehr erfreuliche Nachricht, die uns gestern erreicht hat:<\/p>\n\n\n\n<p>Die erste Zivilklausel seit der Zeitenwende ist erk\u00e4mpft, und zwar an der Kunsthochschule f\u00fcr Medien K\u00f6ln! Das ist bemerkenswert in diesen Zeiten&#8230;. Widmen wir sie Pui!\u201c<\/p>\n\n\n\n<blockquote class=\"wp-block-quote\"><p>&#8220;Die Kunsthochschule f\u00fcr Medien K\u00f6ln ist sich als \u00f6ffentliche Einrichtung der gesellschaftlichen Folgeverantwortung ihrer Forschung und Lehre bewusst und leistet ihren Beitrag zu einer sozial gerechten, friedlichen, vielf\u00e4ltigen und demokratischen Welt. Sie verpflichtet sich ausschlie\u00dflich friedlichen und nicht-milit\u00e4rischen Zielen. Die Kunsthochschule f\u00fcr Medien K\u00f6ln versteht sich als internationale Institution und hei\u00dft Studierende sowie Mitarbeiter*innen in Lehre, Technik und Verwaltung aus allen L\u00e4ndern und kulturellen Kontexten willkommen. Die Hochschule versteht sich als transkulturelle Gemeinschaft, in der sich Menschen mit ihren vielf\u00e4ltigen Herk\u00fcnften, Geschichten und Sprachen respektvoll begegnen und zusammenarbeiten. Gerade als eine Kunsthochschule legt die Kunsthochschule f\u00fcr Medien K\u00f6ln in Studium, Lehre, Forschung und Weiterbildung besonderen Wert auf die friedensstiftenden und -erhaltenden Aspekte von Medien, insbesondere den medialen K\u00fcnsten. Sie f\u00f6rdert die zivile Verwendung ihrer Forschungsergebnisse und k\u00fcnstlerischen Werke in der Praxis. Sie lehnt jede Beteiligung von Kunst, Wissenschaft und Forschung, die dem F\u00fchren von Kriegen dient oder daraufhin abzielt, ab.&#8221;<\/p><\/blockquote>\n\n\n\n<p><\/p>\n<\/div>\n<\/div>\n<\/div><\/div>\n<\/div>\n<\/div>\n","protected":false},"excerpt":{"rendered":"<p>Liebe MitstreiterInnen,&nbsp; WegbegleiterInnen und Freunde des AK:BE, in einem l\u00e4ngeren Prozess haben wir uns im Arbeitskreis \u201eBildung und Erziehung\u201c (AK:BE) entschieden, den Status als attac AK zu Ende November 2025 aufzugeben und treffen uns nun ohne organisatorische Bindung als Offener &hellip; <a href=\"http:\/\/attac-bildung-erziehung.de\/\">Weiterlesen <span class=\"meta-nav\">&rarr;<\/span><\/a><\/p>\n","protected":false},"author":1,"featured_media":0,"parent":0,"menu_order":-9,"comment_status":"closed","ping_status":"closed","template":"","meta":[],"_links":{"self":[{"href":"http:\/\/attac-bildung-erziehung.de\/index.php?rest_route=\/wp\/v2\/pages\/2491"}],"collection":[{"href":"http:\/\/attac-bildung-erziehung.de\/index.php?rest_route=\/wp\/v2\/pages"}],"about":[{"href":"http:\/\/attac-bildung-erziehung.de\/index.php?rest_route=\/wp\/v2\/types\/page"}],"author":[{"embeddable":true,"href":"http:\/\/attac-bildung-erziehung.de\/index.php?rest_route=\/wp\/v2\/users\/1"}],"replies":[{"embeddable":true,"href":"http:\/\/attac-bildung-erziehung.de\/index.php?rest_route=%2Fwp%2Fv2%2Fcomments&post=2491"}],"version-history":[{"count":36,"href":"http:\/\/attac-bildung-erziehung.de\/index.php?rest_route=\/wp\/v2\/pages\/2491\/revisions"}],"predecessor-version":[{"id":2740,"href":"http:\/\/attac-bildung-erziehung.de\/index.php?rest_route=\/wp\/v2\/pages\/2491\/revisions\/2740"}],"wp:attachment":[{"href":"http:\/\/attac-bildung-erziehung.de\/index.php?rest_route=%2Fwp%2Fv2%2Fmedia&parent=2491"}],"curies":[{"name":"wp","href":"https:\/\/api.w.org\/{rel}","templated":true}]}}

Arbeitskreis Bildung &#038; Erziehung von attac Köln (AK:BE)

<p>Liebe MitstreiterInnen,&nbsp; WegbegleiterInnen und Freunde des AK:BE,</p>



<p>in einem längeren Prozess haben wir uns im Arbeitskreis „Bildung und Erziehung“ (AK:BE) entschieden, den Status als attac AK zu Ende November 2025 aufzugeben und treffen uns nun ohne organisatorische Bindung als Offener Politischer Treff jeden 2. Mitttwoch im Monat im Lokal der Alten Feuerwache Köln (Melchiorstraße) um 20 h.</p>



<p><strong>Näheres, warum &#8211; und wie es weitergeht</strong> haben wir <strong><a href="http://attac-bildung-erziehung.de/wp-content/uploads/2025/11/Erklärung-des-AK-BE.pdf">nachstehend</a> </strong>erläutert.</p>



<p>Diese Homepage mit allen in 17 Jahren entstandenen Texten und Dokumentationen steht noch bis zum 31. März 2026 zur Verfügung. Für Rückfragen bis zu diesem Termin gibt Monika Domke Auskunft: <a href="mailto:monika_domke@yahoo.de">monika_domke@yahoo.de</a></p>



<p>Mit solidarischen Grüßen für den – nun ehemaligen – AK:BE</p>



<p>Dr. Jürgen Münch&nbsp; &#8211;&nbsp; jmuenchkoeln@t-online.de</p>



<p>Oswald Pannes &nbsp;&nbsp;&nbsp;&nbsp;&nbsp;&nbsp;&#8211;&nbsp; oswaldpannes@gmx.de</p>



<div class="wp-block-columns">
<div class="wp-block-column" style="flex-basis:100%">
<div class="wp-block-group"><div class="wp-block-group__inner-container">
<div class="wp-block-columns">
<div class="wp-block-column">
<figure class="wp-block-gallery columns-3 is-cropped"><ul class="blocks-gallery-grid"><li class="blocks-gallery-item"><figure><a href="http://attac-bildung-erziehung.de/?page_id=2509"><img src="http://attac-bildung-erziehung.de/wp-content/uploads/2025/03/AKBE.png" alt="" data-id="2497" data-full-url="http://attac-bildung-erziehung.de/wp-content/uploads/2025/03/AKBE.png" data-link="http://attac-bildung-erziehung.de/?attachment_id=2497" class="wp-image-2497"></a></figure></li>

<li class="blocks-gallery-item"><figure><a href="http://attac-bildung-erziehung.de/?page_id=2524"><img src="http://attac-bildung-erziehung.de/wp-content/uploads/2025/03/termine.png" alt="" data-id="2499" data-full-url="http://attac-bildung-erziehung.de/wp-content/uploads/2025/03/termine.png" data-link="http://attac-bildung-erziehung.de/?attachment_id=2499" class="wp-image-2499"></a></figure></li>

<li class="blocks-gallery-item"><figure><a href="http://attac-bildung-erziehung.de/?page_id=1939"><img src="http://attac-bildung-erziehung.de/wp-content/uploads/2025/03/lehrmaterialien.png" alt="" data-id="2500" data-full-url="http://attac-bildung-erziehung.de/wp-content/uploads/2025/03/lehrmaterialien.png" data-link="http://attac-bildung-erziehung.de/?attachment_id=2500" class="wp-image-2500"></a></figure></li></ul></figure>



<figure class="wp-block-gallery columns-3 is-cropped"><ul class="blocks-gallery-grid"><li class="blocks-gallery-item"><figure><a href="http://attac-bildung-erziehung.de/?page_id=2609"><img src="http://attac-bildung-erziehung.de/wp-content/uploads/2025/03/bildung.png" alt="" data-id="2497" data-full-url="http://attac-bildung-erziehung.de/wp-content/uploads/2025/03/bildung.png" data-link="http://attac-bildung-erziehung.de/?attachment_id=2497" class="wp-image-2497"></a></figure></li>

<li class="blocks-gallery-item"><figure><a href="http://attac-bildung-erziehung.de/?page_id=2530"><img src="http://attac-bildung-erziehung.de/wp-content/uploads/2025/03/arbeitsthemen.png" alt="" data-id="2500" data-full-url="http://attac-bildung-erziehung.de/wp-content/uploads/2025/03/arbeitsthemen.png" data-link="http://attac-bildung-erziehung.de/?attachment_id=2500" class="wp-image-2500"></a></figure></li>

<li class="blocks-gallery-item"><figure><a href="http://attac-bildung-erziehung.de/?page_id=17"><img src="http://attac-bildung-erziehung.de/wp-content/uploads/2025/03/rundbriefe.png" alt="" data-id="2499" data-full-url="http://attac-bildung-erziehung.de/wp-content/uploads/2025/03/rundbriefe.png" data-link="http://attac-bildung-erziehung.de/?attachment_id=2499" class="wp-image-2499"></a></figure></li>
</ul></figure>



<h2>PUI – Joachim Schmidt von Schwind – ist gestorben.<br>Wir möchten an ihn erinnern!</h2>



<div class="wp-block-image size-medium"><figure class="aligncenter size-large is-resized"><a href="http://attac-bildung-erziehung.de/wp-content/uploads/2025/03/PUI.jpg"><img loading="lazy" src="http://attac-bildung-erziehung.de/wp-content/uploads/2025/03/PUI.jpg" alt="" class="wp-image-2481" width="359" height="291" srcset="http://attac-bildung-erziehung.de/wp-content/uploads/2025/03/PUI.jpg 831w, http://attac-bildung-erziehung.de/wp-content/uploads/2025/03/PUI-300x244.jpg 300w, http://attac-bildung-erziehung.de/wp-content/uploads/2025/03/PUI-768x624.jpg 768w" sizes="(max-width: 359px) 100vw, 359px" /></a></figure></div>



<p><a href="http://attac-bildung-erziehung.de/wp-content/uploads/2025/03/1PUI.pdf">Nachruf auf PUI</a></p>



<p><strong>Von den anteilnehmenden Mails, die uns auf diesen Nachruf hin erreicht haben, möchten wir eine Mail &#8211; vom AK Zivilklausel an der Universität zu Köln &#8211; hier dokumentieren. Wir denken, dass dies im Sinne von Pui ist, war er doch als Mitstreiter für die Zivilklausel und als Journalist und Verleger in der medialen Öffentlichkeit mit unterwegs.</strong></p>



<p>„&#8230; der Pui&#8230;das war wirklich ein außergewöhnlich freundlicher Mensch. Das wird uns allen glaube ich sehr ausgeprägt in Erinnerung bleiben&#8230;</p>



<p>In seinem Sinne, mit vielen Grüßen an die MitstreiterInnen des AK Bildung von Attac, eine sehr erfreuliche Nachricht, die uns gestern erreicht hat:</p>



<p>Die erste Zivilklausel seit der Zeitenwende ist erkämpft, und zwar an der Kunsthochschule für Medien Köln! Das ist bemerkenswert in diesen Zeiten&#8230;. Widmen wir sie Pui!“</p>



<blockquote class="wp-block-quote"><p>&#8220;Die Kunsthochschule für Medien Köln ist sich als öffentliche Einrichtung der gesellschaftlichen Folgeverantwortung ihrer Forschung und Lehre bewusst und leistet ihren Beitrag zu einer sozial gerechten, friedlichen, vielfältigen und demokratischen Welt. Sie verpflichtet sich ausschließlich friedlichen und nicht-militärischen Zielen. Die Kunsthochschule für Medien Köln versteht sich als internationale Institution und heißt Studierende sowie Mitarbeiter*innen in Lehre, Technik und Verwaltung aus allen Ländern und kulturellen Kontexten willkommen. Die Hochschule versteht sich als transkulturelle Gemeinschaft, in der sich Menschen mit ihren vielfältigen Herkünften, Geschichten und Sprachen respektvoll begegnen und zusammenarbeiten. Gerade als eine Kunsthochschule legt die Kunsthochschule für Medien Köln in Studium, Lehre, Forschung und Weiterbildung besonderen Wert auf die friedensstiftenden und -erhaltenden Aspekte von Medien, insbesondere den medialen Künsten. Sie fördert die zivile Verwendung ihrer Forschungsergebnisse und künstlerischen Werke in der Praxis. Sie lehnt jede Beteiligung von Kunst, Wissenschaft und Forschung, die dem Führen von Kriegen dient oder daraufhin abzielt, ab.&#8221;</p></blockquote>



<p></p>
</div>
</div>
</div></div>
</div>
</div>

<p>Liebe MitstreiterInnen,&nbsp; WegbegleiterInnen und Freunde des AK:BE, in einem längeren Prozess haben wir uns im Arbeitskreis „Bildung und Erziehung“ (AK:BE) entschieden, den Status als attac AK zu Ende November 2025 aufzugeben und treffen uns nun ohne organisatorische Bindung als Offener &hellip; <a href="http://attac-bildung-erziehung.de/">Weiterlesen <span class="meta-nav">&rarr;</span></a></p>
