{"id":2530,"date":"2025-03-29T15:03:46","date_gmt":"2025-03-29T15:03:46","guid":{"rendered":"http:\/\/attac-bildung-erziehung.de\/?page_id=2530"},"modified":"2025-09-12T07:23:26","modified_gmt":"2025-09-12T07:23:26","slug":"aktuelle-arbeitsthemen","status":"publish","type":"page","link":"http:\/\/attac-bildung-erziehung.de\/?page_id=2530","title":{"rendered":"Aktuelle Arbeitsthemen"},"content":{"rendered":"\n<p>Hier findest du eine \u00dcbersicht zu den aktuellen Arbeitsthemen des AK:BE.<br><br>Arbeitsthema 1: Friedenslogik statt Kriegslogik<br>Arbeitsthema 2: Digital first &#8211; Denken second?<\/p>\n\n\n\n<h1>Arbeitsthema 1: <br>Friedenslogik statt Kriegslogik<\/h1>\n\n\n\n<p><a href=\"http:\/\/attac-bildung-erziehung.de\/wp-content\/uploads\/2025\/05\/R34_2025-04-28.pdf\">Rundbrief-34-Mit immer mehr Waffen Frieden schaffen?<\/a><br><a href=\"http:\/\/attac-bildung-erziehung.de\/wp-content\/uploads\/2025\/05\/RB34_Flyer.pdf\">Flyer zum Rundbrief 34<\/a><\/p>\n\n\n\n<p><a href=\"http:\/\/attac-bildung-erziehung.de\/wp-content\/uploads\/2022\/12\/PDF-AK-BE-Rundbrief-32-2022_12_12-.pdf\">Rundbrief des AK:BE zu Friedenslogik statt Kriegslogik<\/a><br><br><a href=\"http:\/\/attac-bildung-erziehung.de\/wp-content\/uploads\/2023\/04\/Nachtrag-1-zu-Rundbrief-32-.pdf\">Nachtrag 1 zum Arbeitsthema 1<\/a><br><a href=\"http:\/\/attac-bildung-erziehung.de\/wp-content\/uploads\/2023\/04\/Nachtrag-2-zu-Rundbrief-32.pdf\">Nachtrag 2 zum Arbeitsthema 1<\/a><br><a href=\"http:\/\/attac-bildung-erziehung.de\/wp-content\/uploads\/2024\/06\/Nachtrag3zuRB32_Neuauflage_17-06-2024.pdf\">Nachtrag 3 zum Arbeitsthema 1<\/a><br><br><a href=\"https:\/\/koelner-friedensforum.org\/erklaerung-des-koelner-friedensforums-zum-antikriegstag-und-zur-gemeinsamen-demonstration-mit-rheinmetall-entwaffnen\/\">Stellungnahme des K\u00f6lner Friedensforums zum Antikriegstag und zur gemeinsamen Demonstration mit &#8220;Rheinmetall entfwaffnen&#8221;<\/a><\/p>\n\n\n\n<h1>Arbeitsthema 2: <br>Digital first &#8211; Denken second?<\/h1>\n\n\n\n<p>Zu Politik, \u00d6konomie und Zielen der Digitalisierung im Bildungswesen<\/p>\n\n\n\n<p><a href=\"http:\/\/attac-bildung-erziehung.de\/?page_id=1079\">Positionspapier zum aktuellen Arbeitsthema <em>Digital first &#8211; Denken second<\/em><\/a><\/p>\n\n\n\n<p>&#8230;Zwangsdigitalisierung&#8230;<br><br><strong>24. April 2025<\/strong><br><strong>oder: Von \u201edigital first\u201c \u00fcber \u201edigital only\u201c zur technizistischen Demokratur<\/strong><br><br>Der Koalitionsvertrag von CDU, CSU und SPD vom 9. April 2025 liest sich im Kapitel 2.3 zur Digitalisierung wie die Erf\u00fcllung des Wunschzettels der IT-Wirtschaft und ihrer Lobbyverb\u00e4nde. Aus \u201edigital first\u201c wird sogar \u201edigital only\u201c. Dabei hatte Bundespr\u00e4sident Steinmeier schon 2019 gemahnt: \u201eNicht um die Digitalisierung der Demokratie m\u00fcssen wir uns zuallererst k\u00fcmmern, sondern um die Demokratisierung des Digitalen!\u201c Wir m\u00fcssen \u00fcber ethische und soziale Folgen der Technik diskutieren und die Frage beantworten, f\u00fcr was man Computersysteme einsetzen darf \u2013 und f\u00fcr was nicht. Nicht das technisch Machbare, das zu Verantwortende muss der Ma\u00dfstab sein. Daher gilt f\u00fcr den Koalitionsvertrag: Die Hausaufgaben sind noch nicht gemacht.<br><a href=\"https:\/\/lankau.de\/2025\/04\/24\/zwangsdigitalisierung-per-koalitionsvertrag\/\">Weiterlesen&#8230;<\/a><\/p>\n\n\n\n<h2>Aktuelle Beitr\u00e4ge zum Thema:<\/h2>\n\n\n\n<ul><li><a href=\"https:\/\/lankau.de\/2025\/03\/11\/aufruf-humane-und-emanzipierende-bildungspolitik-vs-digitale-transformation\/\" data-type=\"URL\">Aufruf: Humane und emanzipierende Bildungspolitik vs. digitale Transformation<\/a> Ralf Lankau, M\u00e4rz 2025<\/li><\/ul>\n\n\n\n<ul><li><a href=\"https:\/\/lankau.de\/2022\/04\/08\/was-haenschen-nicht-lernt-teil-i\/\">Was H\u00e4nschen nicht lernt (Teil 1)<\/a>  Ralf Lankau, April 2022<\/li><\/ul>\n\n\n\n<ul><li><a href=\"http:\/\/attac-bildung-erziehung.de\/wp-content\/uploads\/2022\/01\/Digitalisierter_Kapitalismus.pdf\">Digitalisierter Kapitalismus<\/a> Attac Bildungsmaterialien, Januar 2022<\/li><\/ul>\n\n\n\n<ul><li><a href=\"http:\/\/attac-bildung-erziehung.de\/wp-content\/uploads\/2021\/11\/Digitalisierung-nur-ein-Problem-fehlender-Leitungen.docx\">Digitalisierung &#8211; nur ein Problem fehlender Leitungen?<\/a> Adrian Kreye, September 2021<\/li><\/ul>\n\n\n\n<ul><li><a href=\"http:\/\/attac-bildung-erziehung.de\/wp-content\/uploads\/2021\/11\/Autonom-und-m\u00fcndig-am-Touchscreen.docx\">Autonom und m\u00fcndig am Touchscreen<\/a> Ralf Lankau u.a., 2021<\/li><\/ul>\n\n\n\n<ul><li><a href=\"http:\/\/lankau.de\/2020\/07\/02\/aufruf-zur-besinnung-humane-bildung-statt-metrik-und-technik\/\">Welche Bildung wollen wir unter den Bedingungen von Digitalisierung und Pandemie?<\/a> Ralf Lankau\/Matthias Burchardt, Juli 2020<\/li><\/ul>\n\n\n\n<ul><li><a href=\"https:\/\/www.nachdenkseiten.de\/?p=67367\">Der Laptop lehrt nichts!<\/a> Ingo Leipelt (Rezension von Konrad Lehm), Nov. 2020<\/li><\/ul>\n","protected":false},"excerpt":{"rendered":"<p>Hier findest du eine \u00dcbersicht zu den aktuellen Arbeitsthemen des AK:BE. Arbeitsthema 1: Friedenslogik statt KriegslogikArbeitsthema 2: Digital first &#8211; Denken second? Arbeitsthema 1: Friedenslogik statt Kriegslogik Rundbrief-34-Mit immer mehr Waffen Frieden schaffen?Flyer zum Rundbrief 34 Rundbrief des AK:BE zu &hellip; <a href=\"http:\/\/attac-bildung-erziehung.de\/?page_id=2530\">Weiterlesen <span class=\"meta-nav\">&rarr;<\/span><\/a><\/p>\n","protected":false},"author":1,"featured_media":0,"parent":0,"menu_order":-6,"comment_status":"closed","ping_status":"closed","template":"","meta":[],"_links":{"self":[{"href":"http:\/\/attac-bildung-erziehung.de\/index.php?rest_route=\/wp\/v2\/pages\/2530"}],"collection":[{"href":"http:\/\/attac-bildung-erziehung.de\/index.php?rest_route=\/wp\/v2\/pages"}],"about":[{"href":"http:\/\/attac-bildung-erziehung.de\/index.php?rest_route=\/wp\/v2\/types\/page"}],"author":[{"embeddable":true,"href":"http:\/\/attac-bildung-erziehung.de\/index.php?rest_route=\/wp\/v2\/users\/1"}],"replies":[{"embeddable":true,"href":"http:\/\/attac-bildung-erziehung.de\/index.php?rest_route=%2Fwp%2Fv2%2Fcomments&post=2530"}],"version-history":[{"count":13,"href":"http:\/\/attac-bildung-erziehung.de\/index.php?rest_route=\/wp\/v2\/pages\/2530\/revisions"}],"predecessor-version":[{"id":2726,"href":"http:\/\/attac-bildung-erziehung.de\/index.php?rest_route=\/wp\/v2\/pages\/2530\/revisions\/2726"}],"wp:attachment":[{"href":"http:\/\/attac-bildung-erziehung.de\/index.php?rest_route=%2Fwp%2Fv2%2Fmedia&parent=2530"}],"curies":[{"name":"wp","href":"https:\/\/api.w.org\/{rel}","templated":true}]}}

<p>Hier findest du eine Übersicht zu den aktuellen Arbeitsthemen des AK:BE.<br><br>Arbeitsthema 1: Friedenslogik statt Kriegslogik<br>Arbeitsthema 2: Digital first &#8211; Denken second?</p>



<h1>Arbeitsthema 1: <br>Friedenslogik statt Kriegslogik</h1>



<p><a href="http://attac-bildung-erziehung.de/wp-content/uploads/2025/05/R34_2025-04-28.pdf">Rundbrief-34-Mit immer mehr Waffen Frieden schaffen?</a><br><a href="http://attac-bildung-erziehung.de/wp-content/uploads/2025/05/RB34_Flyer.pdf">Flyer zum Rundbrief 34</a></p>



<p><a href="http://attac-bildung-erziehung.de/wp-content/uploads/2022/12/PDF-AK-BE-Rundbrief-32-2022_12_12-.pdf">Rundbrief des AK:BE zu Friedenslogik statt Kriegslogik</a><br><br><a href="http://attac-bildung-erziehung.de/wp-content/uploads/2023/04/Nachtrag-1-zu-Rundbrief-32-.pdf">Nachtrag 1 zum Arbeitsthema 1</a><br><a href="http://attac-bildung-erziehung.de/wp-content/uploads/2023/04/Nachtrag-2-zu-Rundbrief-32.pdf">Nachtrag 2 zum Arbeitsthema 1</a><br><a href="http://attac-bildung-erziehung.de/wp-content/uploads/2024/06/Nachtrag3zuRB32_Neuauflage_17-06-2024.pdf">Nachtrag 3 zum Arbeitsthema 1</a><br><br><a href="https://koelner-friedensforum.org/erklaerung-des-koelner-friedensforums-zum-antikriegstag-und-zur-gemeinsamen-demonstration-mit-rheinmetall-entwaffnen/">Stellungnahme des Kölner Friedensforums zum Antikriegstag und zur gemeinsamen Demonstration mit &#8220;Rheinmetall entfwaffnen&#8221;</a></p>



<h1>Arbeitsthema 2: <br>Digital first &#8211; Denken second?</h1>



<p>Zu Politik, Ökonomie und Zielen der Digitalisierung im Bildungswesen</p>



<p><a href="http://attac-bildung-erziehung.de/?page_id=1079">Positionspapier zum aktuellen Arbeitsthema <em>Digital first &#8211; Denken second</em></a></p>



<p>&#8230;Zwangsdigitalisierung&#8230;<br><br><strong>24. April 2025</strong><br><strong>oder: Von „digital first“ über „digital only“ zur technizistischen Demokratur</strong><br><br>Der Koalitionsvertrag von CDU, CSU und SPD vom 9. April 2025 liest sich im Kapitel 2.3 zur Digitalisierung wie die Erfüllung des Wunschzettels der IT-Wirtschaft und ihrer Lobbyverbände. Aus „digital first“ wird sogar „digital only“. Dabei hatte Bundespräsident Steinmeier schon 2019 gemahnt: „Nicht um die Digitalisierung der Demokratie müssen wir uns zuallererst kümmern, sondern um die Demokratisierung des Digitalen!“ Wir müssen über ethische und soziale Folgen der Technik diskutieren und die Frage beantworten, für was man Computersysteme einsetzen darf – und für was nicht. Nicht das technisch Machbare, das zu Verantwortende muss der Maßstab sein. Daher gilt für den Koalitionsvertrag: Die Hausaufgaben sind noch nicht gemacht.<br><a href="https://lankau.de/2025/04/24/zwangsdigitalisierung-per-koalitionsvertrag/">Weiterlesen&#8230;</a></p>



<h2>Aktuelle Beiträge zum Thema:</h2>



<ul><li><a href="https://lankau.de/2025/03/11/aufruf-humane-und-emanzipierende-bildungspolitik-vs-digitale-transformation/" data-type="URL">Aufruf: Humane und emanzipierende Bildungspolitik vs. digitale Transformation</a> Ralf Lankau, März 2025</li></ul>



<ul><li><a href="https://lankau.de/2022/04/08/was-haenschen-nicht-lernt-teil-i/">Was Hänschen nicht lernt (Teil 1)</a>  Ralf Lankau, April 2022</li></ul>



<ul><li><a href="http://attac-bildung-erziehung.de/wp-content/uploads/2022/01/Digitalisierter_Kapitalismus.pdf">Digitalisierter Kapitalismus</a> Attac Bildungsmaterialien, Januar 2022</li></ul>



<ul><li><a href="http://attac-bildung-erziehung.de/wp-content/uploads/2021/11/Digitalisierung-nur-ein-Problem-fehlender-Leitungen.docx">Digitalisierung &#8211; nur ein Problem fehlender Leitungen?</a> Adrian Kreye, September 2021</li></ul>



<ul><li><a href="http://attac-bildung-erziehung.de/wp-content/uploads/2021/11/Autonom-und-mündig-am-Touchscreen.docx">Autonom und mündig am Touchscreen</a> Ralf Lankau u.a., 2021</li></ul>



<ul><li><a href="http://lankau.de/2020/07/02/aufruf-zur-besinnung-humane-bildung-statt-metrik-und-technik/">Welche Bildung wollen wir unter den Bedingungen von Digitalisierung und Pandemie?</a> Ralf Lankau/Matthias Burchardt, Juli 2020</li></ul>



<ul><li><a href="https://www.nachdenkseiten.de/?p=67367">Der Laptop lehrt nichts!</a> Ingo Leipelt (Rezension von Konrad Lehm), Nov. 2020</li></ul>

<p>Hier findest du eine Übersicht zu den aktuellen Arbeitsthemen des AK:BE. Arbeitsthema 1: Friedenslogik statt KriegslogikArbeitsthema 2: Digital first &#8211; Denken second? Arbeitsthema 1: Friedenslogik statt Kriegslogik Rundbrief-34-Mit immer mehr Waffen Frieden schaffen?Flyer zum Rundbrief 34 Rundbrief des AK:BE zu &hellip; <a href="http://attac-bildung-erziehung.de/?page_id=2530">Weiterlesen <span class="meta-nav">&rarr;</span></a></p>
