{"id":34,"date":"2011-07-19T07:54:54","date_gmt":"2011-07-19T07:54:54","guid":{"rendered":"http:\/\/attac-bildung-erziehung.de\/?page_id=34"},"modified":"2025-03-30T09:14:03","modified_gmt":"2025-03-30T09:14:03","slug":"bildungsbegriff","status":"publish","type":"page","link":"http:\/\/attac-bildung-erziehung.de\/?page_id=34","title":{"rendered":"Bildungsverst\u00e4ndnis"},"content":{"rendered":"<h2><span style=\"color: #000000;\"><strong>Was ist Bildung? Was ist Erziehung? <\/strong><\/span><\/h2>\n<p>Zu fragen ist, welche Bildung gemeint ist und auf welchen Wegen sie realisiert werden kann. Die Antworten auf diese Fragen fallen je nach Interessenlage und dem korrespondierenden \u00f6konomischen und normativen Hintergrund unterschiedlich aus, sind jedoch, auch wenn anders behauptet, in keinem Fall neutral. Dies gilt insbesondere auch f\u00fcr den von neoliberaler Seite favorisierten und in die Diskussion als alternativer Leitbegriff eingef\u00fchrten Begriff der Kompetenz.<\/p>\n<p>In der neoliberal gesteuerten Transformation vom Sozialstaat zum Wettbewerbsstaat ist der Bildungsbereich seit den 1960ern, verst\u00e4rkt seit den 1990ern Jahren international als \u00f6konomisch sehr profitables und vor allem auch f\u00fcr die Meinungsbildung relevantes Politik- und Gesch\u00e4ftsfeld von einem \u201ebildungsindustriellen Komplex\u201c besetzt worden (Internationale Organisationen, bspw. OECD, Thinktanks, Stiftungen, bspw. Bertelsmann, Lobbygruppen, Beratungs- und Testentwicklungsunternehmen, etc.). Der damit verbundene grundlegende kulturelle und strukturelle Wandel wird vorrangig von einer \u00f6konomischen Logik bestimmt. Bildung und Wissenschaft werden zum einen als zentraler Wachstumsfaktor zur Sicherung der \u00f6konomischen Wettbewerbsf\u00e4higkeit und der Standortsicherung instrumentalisiert, zum anderen zur Legitimation einer meritokratischen Ideologie bzw. einer \u201eLeistungs\u201cgesellschaft, in der jeder entsprechend seiner individuellen Leistungsbereitschaft und entsprechenden Verdiensten <a href=\"http:\/\/attac-bildung-erziehung.de\/?page_id=1026(\u00f6ffnet in neuem Tab)\">(Meriten)<\/a> belohnt oder abgestraft wird. Soziale Ungleichheit und Hierarchien werden damit gerechtfertigt, dass \u201eReiche und M\u00e4chtige, ihren Reichtum und ihre gesellschaftliche Position durch ihre T\u00fcchtigkeit verdient (haben), und aus gleichem Grund sind die Armen zu Recht arm\u201c (Rainer Mausfeld. Angst und Macht. Ffm 2019, S.34). Analog dazu haben \u201eBildungsverlierer\u201c ihre Chance in einem grunds\u00e4tzlich \u201echancengerechten\u201c System nicht genutzt und sich dies selbst zuzuschreiben. Diese Deutung gesellschaftlicher Ungleichheit und neoliberaler Politik hat die Funktion, die Dinge so wie sie sind, zu rechtfertigen und die Selektionsmechanismen mit ihren politischen und \u00f6konomischen Ursachen zu verschleiern. Diese \u201ePhilosophie\u201c ist unterschwellig in das gesamte Bildungssystem eingeschrieben. Sie ist deshalb so m\u00e4chtig, weil sie \u201eoben\u201c wie \u201eunten\u201c zutiefst verinnerlicht ist (vgl. Pierre Bourdieu. Gegenfeuer. Wortmeldungen im Dienste des Widerstands gegen die neoliberale Invasion. Konstanz 1998, S.63).<\/p>\n<p><strong>Die Privatisierung \u00f6ffentlicher Aufgaben und Enteignung \u00f6ffentlicher Infrastruktur und Kapitals wie die meritokratische Ideologisierung gehen einher mit der Enteignung und Umdeutung zentraler Begriffe<\/strong>. Res\u00fcmierend kann festgehalten werden, \u201e&#8230; dass die\u00a0 Durchsetzung der neoliberalen Reformen, \u00a0&#8230; ohne R\u00fccksicht auf die sozialen Folgen die Verwertungsbedingungen des Kapitals verbessert und dabei stillschweigend die Semantik des Ausdrucks \u201aReform\u2019 auf den Kopf gestellt haben.\u201c (J\u00fcrgen Habermas. Demokratie oder Kapitalismus? Vom Elend der nationalstaatlichen Fragmentierung einer kapitalistisch integrierten Weltgesellschaft. In ders. Im Sog der Technokratie, Berlin 2013, S.139). Letzteres gilt insbesondere auch f\u00fcr den Bildungsbereich und erfordert eine Diskussion und Kl\u00e4rung der erziehungswissenschaftlichen und bildungspolitischen Leitbegriffe \u201eBildung\u201c und \u201eErziehung\u201c.\u00a0 J.M.<\/p>\n<p>\u00a0<\/p>\n<h2><span style=\"color: #000000;\"><strong>Was ist Bildung? Was ist Erziehung? <\/strong><\/span><strong>Die nachstehenden Texte &#8230;<br \/><\/strong><\/h2>\n<p>&#8230; spiegeln das Verst\u00e4ndnis des Arbeitskreises Bildung und Erziehung (AK:BE) bei attac K\u00f6ln von diesen grundlegenden Begriffen. Die Texte bieten in Perspektive und Umfang unterschiedliche Zugangsweisen.<\/p>\n<ol>\n<li><a href=\"http:\/\/s528128686.online.de\/futur-iii\/wp-content\/uploads\/sites\/6\/2015\/05\/Bieri-Bildung.pdf\">Peter Bieri. Wie w\u00e4re es, gebildet zu sein? (2005)<\/a><\/li>\n<li><a href=\"http:\/\/attac-bildung-erziehung.de\/wp-content\/uploads\/2021\/01\/Ju\u0308rgen-Mu\u0308nch-Was-ist-Bildung-Was-ist-Erziehung.pdf\">J\u00fcrgen M\u00fcnch. Was ist Bildung? Was ist Erziehung? (2020)<\/a><\/li>\n<li>Beschl\u00fcsse der Kultusministerkonferenz (2018).\u00a0 a.<a href=\"https:\/\/www.kmk.org\/fileadmin\/Dateien\/pdf\/PresseUndAktuelles\/2018\/Beschluss_Demokratieerziehung.pdf\">Demokratie als Ziel, Gegenstand und Praxis historisch-politischer Bildung und Erziehung in der Schule<\/a> und <a href=\"https:\/\/www.kmk.org\/fileadmin\/Dateien\/pdf\/PresseUndAktuelles\/2018\/Beschluss_Menschenrechtserziehung.pdf\">b. Menschenrechtsbildung in der Schule <\/a><\/li>\n<li><a href=\"http:\/\/attac-bildung-erziehung.de\/wp-content\/uploads\/2021\/01\/Ju\u0308rgen-Mu\u0308nch-Stichworte-zum-Bildungsversta\u0308ndnis-bei-Wolfgang-Klafki.pdf\">J\u00fcrgen M\u00fcnch. Stichworte zum Bildungsverst\u00e4ndnis bei Wolfgang Klafki (2019) <\/a><\/li>\n<li><a href=\"http:\/\/bildungspolitik.blog.rosalux.de\/2019\/02\/19\/mehrwert-bildung-studie-zur-oekonomisierung-im-bildungsbereich-von-thomas-hoehne\/\">Thomas H\u00f6hne. Mehrwert Bildung? Studie zur \u00d6konomisierung im Bildungsbereich (2019)<\/a><\/li>\n<li><a href=\"http:\/\/attac-bildung-erziehung.de\/wp-content\/uploads\/2021\/01\/Richard-Mu\u0308nch-Der-bildungsindustrielle-Komplex.pdf\">Richard M\u00fcnch. Der bildungsindustrielle Komplex. Schule und Unterricht im Wettbewerbsstaat. Weinheim Basel: Beltz Juventa (2018)<\/a><\/li>\n<li><a href=\"https:\/\/www.attac.de\/bildungsangebot\/\">Bildungsbewegung Attac (2020)<\/a><\/li>\n<\/ol>\n<p><strong>\u00a0<\/strong><\/p>\n<p><strong>\u00a0<\/strong><\/p>\n<p><strong>\u00a0<\/strong><\/p>\n<p><strong>\u00a0<\/strong><\/p>\n<p><strong>\u00a0<\/strong><\/p>\n<p><strong>\u00a0<\/strong><\/p>\n<p><strong>\u00a0<\/strong><\/p>\n\n\n<p><a href=\"http:\/\/attac-bildung-erziehung.de\/?page_id=34\">Seite ansehen<\/a><\/p>\n\n\n\n<p><\/p>\n","protected":false},"excerpt":{"rendered":"<p>Was ist Bildung? Was ist Erziehung? Zu fragen ist, welche Bildung gemeint ist und auf welchen Wegen sie realisiert werden kann. Die Antworten auf diese Fragen fallen je nach Interessenlage und dem korrespondierenden \u00f6konomischen und normativen Hintergrund unterschiedlich aus, sind &hellip; <a href=\"http:\/\/attac-bildung-erziehung.de\/?page_id=34\">Weiterlesen <span class=\"meta-nav\">&rarr;<\/span><\/a><\/p>\n","protected":false},"author":1,"featured_media":0,"parent":0,"menu_order":3,"comment_status":"closed","ping_status":"closed","template":"","meta":[],"_links":{"self":[{"href":"http:\/\/attac-bildung-erziehung.de\/index.php?rest_route=\/wp\/v2\/pages\/34"}],"collection":[{"href":"http:\/\/attac-bildung-erziehung.de\/index.php?rest_route=\/wp\/v2\/pages"}],"about":[{"href":"http:\/\/attac-bildung-erziehung.de\/index.php?rest_route=\/wp\/v2\/types\/page"}],"author":[{"embeddable":true,"href":"http:\/\/attac-bildung-erziehung.de\/index.php?rest_route=\/wp\/v2\/users\/1"}],"replies":[{"embeddable":true,"href":"http:\/\/attac-bildung-erziehung.de\/index.php?rest_route=%2Fwp%2Fv2%2Fcomments&post=34"}],"version-history":[{"count":66,"href":"http:\/\/attac-bildung-erziehung.de\/index.php?rest_route=\/wp\/v2\/pages\/34\/revisions"}],"predecessor-version":[{"id":2614,"href":"http:\/\/attac-bildung-erziehung.de\/index.php?rest_route=\/wp\/v2\/pages\/34\/revisions\/2614"}],"wp:attachment":[{"href":"http:\/\/attac-bildung-erziehung.de\/index.php?rest_route=%2Fwp%2Fv2%2Fmedia&parent=34"}],"curies":[{"name":"wp","href":"https:\/\/api.w.org\/{rel}","templated":true}]}}

Bildungsverständnis

<h2><span style="color: #000000;"><strong>Was ist Bildung? Was ist Erziehung? </strong></span></h2>
<p>Zu fragen ist, welche Bildung gemeint ist und auf welchen Wegen sie realisiert werden kann. Die Antworten auf diese Fragen fallen je nach Interessenlage und dem korrespondierenden ökonomischen und normativen Hintergrund unterschiedlich aus, sind jedoch, auch wenn anders behauptet, in keinem Fall neutral. Dies gilt insbesondere auch für den von neoliberaler Seite favorisierten und in die Diskussion als alternativer Leitbegriff eingeführten Begriff der Kompetenz.</p>
<p>In der neoliberal gesteuerten Transformation vom Sozialstaat zum Wettbewerbsstaat ist der Bildungsbereich seit den 1960ern, verstärkt seit den 1990ern Jahren international als ökonomisch sehr profitables und vor allem auch für die Meinungsbildung relevantes Politik- und Geschäftsfeld von einem „bildungsindustriellen Komplex“ besetzt worden (Internationale Organisationen, bspw. OECD, Thinktanks, Stiftungen, bspw. Bertelsmann, Lobbygruppen, Beratungs- und Testentwicklungsunternehmen, etc.). Der damit verbundene grundlegende kulturelle und strukturelle Wandel wird vorrangig von einer ökonomischen Logik bestimmt. Bildung und Wissenschaft werden zum einen als zentraler Wachstumsfaktor zur Sicherung der ökonomischen Wettbewerbsfähigkeit und der Standortsicherung instrumentalisiert, zum anderen zur Legitimation einer meritokratischen Ideologie bzw. einer „Leistungs“gesellschaft, in der jeder entsprechend seiner individuellen Leistungsbereitschaft und entsprechenden Verdiensten <a href="http://attac-bildung-erziehung.de/?page_id=1026(öffnet in neuem Tab)">(Meriten)</a> belohnt oder abgestraft wird. Soziale Ungleichheit und Hierarchien werden damit gerechtfertigt, dass „Reiche und Mächtige, ihren Reichtum und ihre gesellschaftliche Position durch ihre Tüchtigkeit verdient (haben), und aus gleichem Grund sind die Armen zu Recht arm“ (Rainer Mausfeld. Angst und Macht. Ffm 2019, S.34). Analog dazu haben „Bildungsverlierer“ ihre Chance in einem grundsätzlich „chancengerechten“ System nicht genutzt und sich dies selbst zuzuschreiben. Diese Deutung gesellschaftlicher Ungleichheit und neoliberaler Politik hat die Funktion, die Dinge so wie sie sind, zu rechtfertigen und die Selektionsmechanismen mit ihren politischen und ökonomischen Ursachen zu verschleiern. Diese „Philosophie“ ist unterschwellig in das gesamte Bildungssystem eingeschrieben. Sie ist deshalb so mächtig, weil sie „oben“ wie „unten“ zutiefst verinnerlicht ist (vgl. Pierre Bourdieu. Gegenfeuer. Wortmeldungen im Dienste des Widerstands gegen die neoliberale Invasion. Konstanz 1998, S.63).</p>
<p><strong>Die Privatisierung öffentlicher Aufgaben und Enteignung öffentlicher Infrastruktur und Kapitals wie die meritokratische Ideologisierung gehen einher mit der Enteignung und Umdeutung zentraler Begriffe</strong>. Resümierend kann festgehalten werden, „&#8230; dass die  Durchsetzung der neoliberalen Reformen,  &#8230; ohne Rücksicht auf die sozialen Folgen die Verwertungsbedingungen des Kapitals verbessert und dabei stillschweigend die Semantik des Ausdrucks ‚Reform’ auf den Kopf gestellt haben.“ (Jürgen Habermas. Demokratie oder Kapitalismus? Vom Elend der nationalstaatlichen Fragmentierung einer kapitalistisch integrierten Weltgesellschaft. In ders. Im Sog der Technokratie, Berlin 2013, S.139). Letzteres gilt insbesondere auch für den Bildungsbereich und erfordert eine Diskussion und Klärung der erziehungswissenschaftlichen und bildungspolitischen Leitbegriffe „Bildung“ und „Erziehung“.  J.M.</p>
<p> </p>
<h2><span style="color: #000000;"><strong>Was ist Bildung? Was ist Erziehung? </strong></span><strong>Die nachstehenden Texte &#8230;<br /></strong></h2>
<p>&#8230; spiegeln das Verständnis des Arbeitskreises Bildung und Erziehung (AK:BE) bei attac Köln von diesen grundlegenden Begriffen. Die Texte bieten in Perspektive und Umfang unterschiedliche Zugangsweisen.</p>
<ol>
<li><a href="http://s528128686.online.de/futur-iii/wp-content/uploads/sites/6/2015/05/Bieri-Bildung.pdf">Peter Bieri. Wie wäre es, gebildet zu sein? (2005)</a></li>
<li><a href="http://attac-bildung-erziehung.de/wp-content/uploads/2021/01/Jürgen-Münch-Was-ist-Bildung-Was-ist-Erziehung.pdf">Jürgen Münch. Was ist Bildung? Was ist Erziehung? (2020)</a></li>
<li>Beschlüsse der Kultusministerkonferenz (2018).  a.<a href="https://www.kmk.org/fileadmin/Dateien/pdf/PresseUndAktuelles/2018/Beschluss_Demokratieerziehung.pdf">Demokratie als Ziel, Gegenstand und Praxis historisch-politischer Bildung und Erziehung in der Schule</a> und <a href="https://www.kmk.org/fileadmin/Dateien/pdf/PresseUndAktuelles/2018/Beschluss_Menschenrechtserziehung.pdf">b. Menschenrechtsbildung in der Schule </a></li>
<li><a href="http://attac-bildung-erziehung.de/wp-content/uploads/2021/01/Jürgen-Münch-Stichworte-zum-Bildungsverständnis-bei-Wolfgang-Klafki.pdf">Jürgen Münch. Stichworte zum Bildungsverständnis bei Wolfgang Klafki (2019) </a></li>
<li><a href="http://bildungspolitik.blog.rosalux.de/2019/02/19/mehrwert-bildung-studie-zur-oekonomisierung-im-bildungsbereich-von-thomas-hoehne/">Thomas Höhne. Mehrwert Bildung? Studie zur Ökonomisierung im Bildungsbereich (2019)</a></li>
<li><a href="http://attac-bildung-erziehung.de/wp-content/uploads/2021/01/Richard-Münch-Der-bildungsindustrielle-Komplex.pdf">Richard Münch. Der bildungsindustrielle Komplex. Schule und Unterricht im Wettbewerbsstaat. Weinheim Basel: Beltz Juventa (2018)</a></li>
<li><a href="https://www.attac.de/bildungsangebot/">Bildungsbewegung Attac (2020)</a></li>
</ol>
<p><strong> </strong></p>
<p><strong> </strong></p>
<p><strong> </strong></p>
<p><strong> </strong></p>
<p><strong> </strong></p>
<p><strong> </strong></p>
<p><strong> </strong></p>


<p><a href="http://attac-bildung-erziehung.de/?page_id=34">Seite ansehen</a></p>



<p></p>

<p>Was ist Bildung? Was ist Erziehung? Zu fragen ist, welche Bildung gemeint ist und auf welchen Wegen sie realisiert werden kann. Die Antworten auf diese Fragen fallen je nach Interessenlage und dem korrespondierenden ökonomischen und normativen Hintergrund unterschiedlich aus, sind &hellip; <a href="http://attac-bildung-erziehung.de/?page_id=34">Weiterlesen <span class="meta-nav">&rarr;</span></a></p>
